hat are the prime factors of a?
13
Let p be (1 + (-25)/2)*2. Let g = -5 - p. What are the prime factors of g?
2, 3
Let l(k) = k**3 + 4*k**2 - 4*k + 5. List the prime factors of l(-4).
3, 7
Suppose x = -5*h - x + 214, -4*h = x - 170. What are the prime factors of h?
2, 3, 7
Let k(t) = -2*t. Let y(i) = -i**3 + 5*i**2 - i + 6. Let a be y(5). Let l be k(a). Let j(r) = 2*r**2 + 3*r. List the prime factors of j(l).
2
Let n(v) = v**3 - 16*v**2 - 17*v + 21. Suppose -4*t + 101 = 5*d, -5*t - 1 = -d - t. What are the prime factors of n(d)?
3, 7
Let y(z) = -30*z**3 + z. List the prime factors of y(-1).
29
Let r(w) = 2*w**2 + 16*w + 27. Let d(i) = -i**2 - 8*i - 13. Let p(a) = -9*d(a) - 4*r(a). List the prime factors of p(-7).
2
Let f(i) = -i**3 + 13*i**2 + 18*i + 3. List the prime factors of f(14).
59
Suppose 4*r - 82 = 6. What are the prime factors of r?
2, 11
Suppose -2 = -b - 3*d, b - 3*d + 4 = 24. List the prime factors of b.
11
Let l(m) = -5*m + 3*m + 5 + m. Suppose -24 = 5*p + 4*c, 15 + 5 = -4*p - 4*c. List the prime factors of l(p).
3
Let v be 14/(-10) + 8/20. Let c be -2 + 1*(v + 2). What are the prime factors of (-1 - 2)/(0 + c)?
3
Let u(o) = 8*o**2. Suppose -5 = 5*j - 0. Let c be u(j). List the prime factors of -2*1 + 0 + c.
2, 3
Suppose -2*u + 3*k + 432 = 3*u, -3*u + 260 = -k. List the prime factors of u.
3, 29
Suppose 0 = 2*u + 2*u + 8. Let i be (1/3)/(u/(-12)). Suppose 0 = i*v - 5*b + 3, -4*v + 59 = -b + 4*b. List the prime factors of v.
11
Let y be (6/3)/((-2)/5). Let n(w) = w**2 + 4*w - 5. Let j be n(y). Suppose 48 + j = 4*q. What are the prime factors of q?
2, 3
Let o(w) = w**3 + 5*w**2 + 2*w + 1. Suppose -16 = -2*b + 6*b. What are the prime factors of o(b)?
3
Let v(b) = -10*b + 58. List the prime factors of v(-13).
2, 47
Suppose 90 + 22 = 4*t. List the prime factors of t.
2, 7
Suppose h = -0*h + 2*s + 48, 0 = h + 4*s - 78. List the prime factors of h.
2, 29
Let o(b) = -b**3 + b**2 - b + 2. Let a be o(0). Suppose a*t = -1 + 7. What are the prime factors of 6*(0 + t/9)?
2
Let l be ((-28)/(-6))/((-3)/(-9)). Suppose 4*s = 5*a - l, a = -a - 2*s + 20. Suppose 3*w + 2*h = 29, 2*h = -w + a + 9. List the prime factors of w.
7
List the prime factors of (1 + -11)/(6/(-33)).
5, 11
Let w = 0 - 23. List the prime factors of 3/12 - w/4.
2, 3
Suppose -12*v + 1654 = -542. List the prime factors of v.
3, 61
Let s(y) = -4*y - y**2 - 2 - 4*y - 1 + 0. What are the prime factors of s(-6)?
3
Let a = -140 - -226. List the prime factors of a.
2, 43
Suppose 2*p - 4*u = 12, -2*p - 2*u = u + 23. Let k be -4*(-1)/(p/6). What are the prime factors of (-8)/k*(-90)/(-12)?
2, 5
Let w(t) = -t**3 - 9*t**2 + 15*t**2 - 12*t**2 - 6 - 7*t. Suppose 4*p + 2*m = -24, p + 6*m = 2*m - 13. What are the prime factors of w(p)?
2
Let k(h) be the third derivative of h**4/24 - 5*h**3/6 + 3*h**2. Let s be k(4). Let y(j) = -3*j - 1. List the prime factors of y(s).
2
Suppose 4*i + 5*d = -0*d + 16, 0 = -2*d + 8. Let b = 14 + i. List the prime factors of b.
13
Let q = -14 - -90. List the prime factors of q.
2, 19
List the prime factors of 1/2*-185*(-7 - -5).
5, 37
Suppose 11 - 2 = y. Suppose -3*z - 57 = -4*u, -u - u - 5*z + y = 0. List the prime factors of u.
2, 3
What are the prime factors of -1 + -1 + (77 - -1)?
2, 19
Let n = -2 + -12. Let x = 25 + n. List the prime factors of x.
11
Suppose -4*x + 0*x = -q + 39, -5*q = -x - 233. List the prime factors of q.
47
Suppose -34 + 13 = -q. List the prime factors of q.
3, 7
List the prime factors of (-3)/(-18) - 4915/(-30).
2, 41
Suppose p + 15 = -s, 0*s + 41 = -3*s - 4*p. Let b(d) = -d**3 - d + 30. Let j be b(0). Let m = j + s. List the prime factors of m.
11
Let x = -13 + 31. Let k be ((-2)/(-6))/(2/x). Suppose k*o - o = 4. List the prime factors of o.
2
Suppose -u - 4*b + 276 = 0, -2*u - 2*u - 2*b + 1034 = 0. What are the prime factors of u?
2
Let l = -15 - -65. What are the prime factors of l?
2, 5
Suppose 4*l = -40 - 4. Let o = l + 26. Suppose d - o = -5. List the prime factors of d.
2, 5
Let f(r) = -r - 2. Suppose 26 = -4*h - 3*v - 25, 0 = 3*h + 4*v + 47. List the prime factors of f(h).
7
Let r(o) = 42*o**2 + 2*o + 2. Let k be r(-2). Suppose -7*j + 2*j + 226 = 3*t, -4*j + 5*t = -k. Suppose 3*i - 7*i = -j. List the prime factors of i.
11
Suppose -196 - 290 = -3*s. List the prime factors of s.
2, 3
Let t(o) = -3*o**3 - 4*o**2 - 2*o + 2. Suppose 2 + 0 = -z. List the prime factors of t(z).
2, 7
Let s = -2 - -2. Let d = s - 0. Suppose -2*o + 5 + 3 = d. List the prime factors of o.
2
Suppose 4*w = -2*i + 96, -2 = -i + 2. List the prime factors of w.
2, 11
Suppose 0 = n - 2*k + 14 - 4, 2*n - 2*k + 16 = 0. Let i be 0 - -7 - n/(-3). Suppose -32 = -i*h - 12. List the prime factors of h.
2
Suppose -4*m + r = 3803, 2*m + 5*r = r - 1924. Suppose z - 1 = 2*z + 5*l, -5 = -z - 2*l. List the prime factors of m/(-72) - 2/z.
13
Suppose b + j = -3*b + 8, 5*j = 4*b - 32. Suppose -56 = -o - o - 4*f, -4*f = -b*o + 44. List the prime factors of o.
2, 5
Suppose 3*n = 3*t - 30, 3*t + 0*n - 30 = -n. List the prime factors of 2 + -1 + (t - -2).
13
Let g be ((-24)/3)/(-3 + 1). Suppose -g*k - 4 = -0*k. Let u(s) = -6*s**3 - 2*s**2 - s. List the prime factors of u(k).
5
Suppose -51 = 3*w - 6. Let o = -22 - w. Let d = -5 - o. List the prime factors of d.
2
Let i(r) = -24*r - 78. What are the prime factors of i(-7)?
2, 3, 5
Let p be (44/6)/(2/9). Let v = 3 - p. List the prime factors of (v + 0)*3/(-9).
2, 5
Let v(d) = -d**3 + 8*d**2 + 4*d - 2. Let h be v(8). Let f = 60 - h. Suppose 3*z + 5*b = 8, 4*b + f = 4*z + b. List the prime factors of z.
2, 3
Suppose -3*n + 2*g = -13, -n = 5*g - 4 - 6. List the prime factors of 5 - -39 - (n + -2).
41
Suppose 3*r - 12 = -3. Suppose -2*z = -6*z - 4*b - 8, 3*z - r*b = 24. Suppose 0*g + z*g = k + 28, 0 = -4*g + k + 39. What are the prime factors of g?
11
Suppose 4*g - 437 = -3*m, 0*g - 2*m = -4*g + 442. What are the prime factors of g?
2, 5, 11
What are the prime factors of (0 + -1*2)/(6/(-663))?
13, 17
Let h(w) = w**3 + 14*w**2 + 21*w + 56. List the prime factors of h(-12).
2, 23
Let h be 4/3*18/4. Let w = 0 - h. List the prime factors of (-38)/(w/(4 - 1)).
19
Let v be (-37)/(-5) - (-24)/(-60). Let c = 12 - v. What are the prime factors of c?
5
Let a be ((-4)/6)/((-4)/6). Suppose -5*f = 3*y + 16, -5*y = 5*f + 9 + a. Suppose -3 = -y*p + 3. List the prime factors of p.
2
Suppose -c = 2*c + 6. Let g(u) = 4*u + 3. Let z be g(c). List the prime factors of (-23)/(-4) - z/20.
2, 3
Let o(b) = -6*b**2 + b - 1. Let p be o(1). Let n = 0 - p. List the prime factors of n.
2, 3
Let i(c) be the second derivative of -c**4/12 + 5*c**3/3 - c**2/2 - 2*c. Let j be i(9). Suppose -2*z = 2*z - j. What are the prime factors of z?
2
Suppose -3*t = 5*c + 22, 7*t = 5*t - 3*c - 13. Let w be (-7)/(-1) - (-2)/t. List the prime factors of w/1*5/5.
3
Suppose -155 = -5*y - 4*q, q - 62 = -2*y - q. List the prime factors of y.
31
Suppose 6*l - 2*l - 4*n = -120, 4*n = -16. Let j = 15 + l. Let h = 32 + j. List the prime factors of h.
13
Suppose 6*r - 88 = 392. List the prime factors of r.
2, 5
Suppose -f + 1 - 2 = 0. Let l be 74/(-8) + 1/4. What are the prime factors of f/3 + (-102)/l?
11
Let d(p) = 7*p + 12. Let v be d(-9). Let r = v - -96. Suppose -5*m + r = 2*j, 5*j - 26 = -5*m + 79. What are the prime factors of j?
2, 5
List the prime factors of 1 - 2 - (-8 + -46).
53
Suppose 4*a = z - 60, -63 = 4*a + 3*z + 13. Let i = a - -38. What are the prime factors of i?
2, 11
Let k be (-2)/(((-6)/15)/(-1)). Let u(w) = 2*w**2 + 8*w + 7. List the prime factors of u(k).
17
Let z(o) = -1 + 3*o + 0 - 4. Let a be z(4). Let i = 11 - a. What are the prime factors of i?
2
Suppose s - 5*b = 2 + 5, -4*s - 4*b + 4 = 0. Suppose -s*k + 4 = -0*k. Suppose 7 = k*f - 3. What are the prime factors of f?
5
List the prime factors of 3 + 86/2 - 0.
2, 23
Let w = -11 - -13. List the prime factors of 0 - w - (-10 + -2).
2, 5
Let y = 69 + -48. List the prime factors of y.
3, 7
Let l be (-1)/((-28)/26 - -1). Let k(f) = -f**3 + 14*f**2 - 11*f - 6. List the prime factors of k(l).
2, 5
Let y(a) = 24*a + 22. What are the prime factors of y(6)?
2, 83
Let b(l) be the third derivative of l**6/144 + l**5/120 - l**4/12 - l**2. Let i(a) be the second derivative of b(a). List the prime factors of i(2).
11
What are 